factor of y and 5112.
71
Let u(o) = o**2 - 7*o - 39. Let x be u(-5). Let t(j) = -42*j - 42. Let b be t(-11). Calculate the greatest common factor of x and b.
21
Let t(f) = -52*f - 468. Let k be t(-31). Calculate the highest common divisor of 220 and k.
44
Let c be 2 + (-2)/(((-1)/(-2))/(71/(-2))). What is the highest common divisor of c and 2952?
72
Let t = -5148 - -5152. Suppose 9 + 23 = 4*q. Let c be 4/2 - (4 - q). What is the greatest common divisor of t and c?
2
Suppose -6024 = -2*y - 4*c + 7960, 5*c = y - 6964. Calculate the greatest common factor of 48 and y.
24
Let m = -644 - -835. Let o = 236 - m. What is the highest common factor of o and 99?
9
Let p(j) = 55*j - 95. Let z be p(2). What is the highest common divisor of 1455 and z?
15
Suppose 3*h - 2694 = 9*k - 2112, 452 = 3*h + k. Suppose 0 = -0*d + d + 4. Let b be (-123)/d + (-1)/(-4). What is the greatest common factor of h and b?
31
Let o = 1744 - 1694. What is the greatest common divisor of 2350 and o?
50
Suppose v = -0*v + 14. Let x be 1894/v + (-6)/21. Let r be -18*(-9)/15*30/12. Calculate the highest common factor of r and x.
27
Let s = 80 - 80. Suppose s = 5*g + 12*g - 561. What is the highest common divisor of g and 33?
33
Let l(d) = 7*d**2 + 10*d - 17. Let t be l(-14). Suppose -61*k + 64*k = t. What is the highest common factor of 15 and k?
15
Let u = -2145 + 844. Let x = -734 - u. Calculate the highest common divisor of 27 and x.
27
Let d(o) = 24*o - 746. Let g be d(32). Calculate the greatest common divisor of g and 187.
11
Let v = 16770 - 8995. Calculate the highest common factor of 25 and v.
25
Let a be ((-243)/45 + 5)/((-2)/70). Suppose a*v - 15*v = 5*d - 45, -2*v + 117 = d. Calculate the highest common factor of 80 and v.
20
Suppose -5*n = -3*d - 42, 0*d = n + 2*d + 2. Let b = 16 - n. What is the highest common divisor of 1 and b?
1
Suppose 7*f - 3585 + 3417 = 0. Calculate the highest common factor of f and 108.
12
Let q(s) = 9*s - 16*s + 7*s - 18 + 7*s. Let w be q(5). What is the greatest common divisor of w and 85?
17
Suppose 1793 = -3*y + 1928. Calculate the greatest common divisor of 2160 and y.
45
Suppose -2455 = 136*z - 141*z. Let v = 559 - z. Let p be 3/18 + 101/6. What is the greatest common factor of p and v?
17
Let p(w) = 3*w + 22. Let h be (-782)/(-10) - (1 - (-20)/(-25)). Let c be 9*(4/(-26) + (-40)/h). Let j be p(c). What is the highest common divisor of 4 and j?
4
Suppose 45899 - 1543 = 52*t. Suppose -313 = 6*m - t. What is the highest common factor of m and 18?
18
Suppose -965430 - 1176570 = -306*v. Calculate the greatest common divisor of v and 2520.
280
Let q = -255 + 257. Suppose 2*o + 9 = -5*v, 2*o = -v + 1 + q. What is the greatest common factor of o and 57?
3
Suppose -13*t + 16*t + w - 1081 = 0, -w = -t + 359. What is the highest common factor of 96 and t?
24
Let i(l) = -23*l + 281. Let f be i(12). Let x = 4 + -2. Suppose -3*n - 3*q + x*q = -104, 4*n - 145 = f*q. What is the highest common divisor of n and 35?
35
Suppose 328 = 2*m + p, -4*m + p + 652 = 5*p. Let d = -151 + m. Calculate the highest common divisor of 28 and d.
14
Suppose 25*a = -79 + 379. Let u(p) = p**2 + 6*p - 9. Let o be u(-7). Let w be (2 + o - -4)*3. What is the highest common divisor of a and w?
12
Let a(q) = -22*q + 1119. Let k be a(41). What is the highest common divisor of k and 279?
31
Suppose -3*h + 6 = 0, n + 5*h + 3434 - 16674 = 0. What is the highest common factor of n and 30?
30
Suppose 29*g = 7222 + 6176. Calculate the highest common divisor of 56 and g.
14
Let m(p) = 9*p - 18. Let u be 2 + 1 + (-6)/(-3). Let z be 7 + (-20)/u + 1. Let n be m(z). What is the greatest common factor of n and 12?
6
Suppose 266*k = 49747 + 89637. What is the greatest common divisor of k and 19650?
262
Let s(v) = -1533*v - 18331. Let t be s(-12). What is the greatest common divisor of 15587 and t?
13
Suppose -6*k - 200 = -3*t - 2*k, 4*t - 2*k - 270 = 0. Let z be 109/3 - (-5)/(-15). Suppose 0 = -o + z - 19. Calculate the greatest common divisor of o and t.
17
Let n be (-81)/135 + 40623/55. What is the highest common divisor of n and 1312?
82
Let s be 36/(-75)*4060/(-8)*(-52 - -57). Calculate the highest common factor of 174 and s.
174
Let k be ((-10)/15 + -1)/(19/(-1482)). Calculate the highest common divisor of 540 and k.
10
Let v(q) = -q**3 + 18*q**2 - 24*q + 18. Let w be v(9). Calculate the greatest common factor of 63 and w.
9
Let o be (12/7)/(6/21). Let t be 2 + 21 + o/3. Let g(r) = 4*r**2 - 219*r + 646. Let d be g(3). Calculate the greatest common factor of t and d.
25
Let d = 9007 - 8754. Calculate the greatest common factor of 22 and d.
11
Suppose -2*f + 2*t + 154 = 0, f - 3*t = -0*f + 83. Suppose 0 = 5*z + 4*x - f, -5*z - x = -0*x - 71. Calculate the highest common factor of 91 and z.
7
Suppose -34*i = -28*i - 12. Suppose 5*k + 4*s - 516 = i*k, 4*k = -5*s + 687. Suppose 0 = -o + 4*o - 72. What is the greatest common divisor of o and k?
24
Let p = 2485 + -2380. Calculate the greatest common divisor of p and 609.
21
Suppose 2*q = 30 - 24. Suppose 19 = 2*k + q. Let v be -14*(108/k)/(-9). What is the greatest common factor of 3 and v?
3
Suppose -5*a = 101 - 1. Let i = 39 + a. Suppose 1368 = 32155*f - 32146*f. Calculate the greatest common divisor of f and i.
19
Suppose -142 - 502 = -q. Suppose 61*i - 54*i = q. Calculate the greatest common divisor of i and 46.
46
Suppose 5*m - 37 = 43. Let c be 309 + (140/7)/(-4). Calculate the greatest common divisor of m and c.
16
Let w = -4005 - -4077. What is the highest common factor of w and 414?
18
Suppose 0 = -2*l + 11 + 39. Let c be 7880/l - (-1)/(-5). Let h be ((-105)/9)/(29/(-87)). What is the greatest common divisor of h and c?
35
Let b = 67204 - 67162. Suppose -3*i + 189 = -2*i. What is the highest common divisor of b and i?
21
Suppose -4*x - 18 = -2*m, -4*m + x + 24 = -4*x. Let i = 1702 + -1685. Calculate the highest common factor of m and i.
1
Suppose -172 = 62*x + 12*x - 246. What is the highest common factor of 216 and x?
1
Suppose -2*p + 1 + 5 = 0. Suppose -5*w + k = -565, 0 = p*w + 2*k - 3*k - 341. What is the greatest common divisor of 32 and w?
16
Let v = -2 + 2. Let h be (-2)/(-4)*(8 + -2). Suppose v = -3*c + 4*s + 37, -2*c + h*c + 13 = -5*s. Calculate the highest common divisor of c and 56.
7
Suppose 0 = u - 4*i - 238, -4*u + 465 = 5*i - 571. Let v = u - -721. Calculate the highest common divisor of 39 and v.
39
Let b be (-26)/20 + 1 + (-18825)/(-250). What is the highest common factor of 21 and b?
3
Let u(g) = g + 2. Let m(f) = -15*f - 74. Let b(s) = -m(s) + 2*u(s). Let i be b(9). What is the greatest common factor of 33 and i?
33
Let n = 123 - 128. Let z be 2 + 1 + n - -122. Calculate the highest common factor of 80 and z.
40
Let b = 47 - -89. Suppose 32 = 7*h - b. What is the greatest common factor of h and 8?
8
Let m = 21057 + -21034. What is the highest common divisor of 5359 and m?
23
Let f(u) = -u**3 - 14*u**2 - 22*u - 24. Let i be f(-12). Let d be 28/16*i/(-12). What is the greatest common factor of d and 217?
7
Let w = -1581 + 1938. What is the highest common divisor of w and 63?
21
Let l be (-19 + 2325/124)/(1/(-5692)). What is the highest common factor of 1 and l?
1
Suppose b = -4*x + 730, 0*b = 2*x - b - 362. Let n = x + -130. Let j = 20 - 7. Calculate the greatest common factor of j and n.
13
Let v = -194 + 118. Let l = 112 + v. Suppose 0 = -5*x + x + 1008. Calculate the greatest common factor of x and l.
36
Suppose -3698 = -10*f + 1702. Let s(i) = 4*i**2 + 5*i + 3. Let m be s(3). What is the highest common divisor of f and m?
54
Let b = -1697 - -2172. Calculate the highest common factor of 30 and b.
5
Let j = 0 + 4. Let d(p) = -11100*p + 377428. Let a be d(34). Calculate the greatest common factor of j and a.
4
Let x be ((-16)/(-12))/1*12. Suppose 1112 + 1178 = 8*z + 434. Calculate the highest common factor of z and x.
8
Let o(j) = -j**3 + 17*j**2 - 31*j + 27. Let z be o(15). Calculate the highest common factor of z and 708.
12
Suppose 0 = -3*c - 4*z + 41, 0*c = 4*c - 5*z - 34. Let p = 274 + -98. What is the highest common divisor of c and p?
11
Suppose -4*a + 56 = -4*t, 5*t = -a - 4*a + 20. Let q be (57/(-76))/(a/(-12)). Calculate the highest common factor of q and 7.
1
Suppose 7*x + 60 = 18. Let o be 0 - (1917 -